the prime factors of 3205543367.
13, 246580259
List the prime factors of 1328008399.
523, 2539213
List the prime factors of 844197494.
2, 7, 60299821
List the prime factors of 349576997.
7, 11, 1489, 3049
What are the prime factors of 751454749?
751454749
List the prime factors of 1282483093.
61, 21024313
What are the prime factors of 147318161?
73, 947, 2131
List the prime factors of 1500008549.
13, 17, 23, 17359
List the prime factors of 8032394632.
2, 1004049329
List the prime factors of 295248022.
2, 147624011
List the prime factors of 67174581.
3, 167, 134081
List the prime factors of 72194530.
2, 5, 1181, 6113
What are the prime factors of 31781020?
2, 5, 71, 22381
List the prime factors of 65437269.
3, 937, 23279
List the prime factors of 4594898595.
3, 5, 7, 43760939
List the prime factors of 1316936233.
1316936233
What are the prime factors of 1356219834?
2, 3, 83, 2723333
List the prime factors of 867871083.
3, 101, 2864261
What are the prime factors of 2322037701?
3, 17, 97, 1613
What are the prime factors of 212950878?
2, 3, 7, 43, 61, 1933
What are the prime factors of 108243923?
108243923
List the prime factors of 172503183.
3, 1811, 31751
What are the prime factors of 190872826?
2, 181, 527273
What are the prime factors of 2440271063?
2440271063
What are the prime factors of 2315261?
13, 313, 569
List the prime factors of 244921282.
2, 251, 487891
List the prime factors of 49409205.
3, 5, 317, 10391
List the prime factors of 245635674.
2, 3, 37, 41, 26987
List the prime factors of 53213858.
2, 23, 1156823
What are the prime factors of 313532638?
2, 156766319
What are the prime factors of 4646589330?
2, 3, 5, 154886311
List the prime factors of 158099043.
3, 52699681
What are the prime factors of 42630376?
2, 19, 280463
What are the prime factors of 198659913?
3, 66219971
What are the prime factors of 56269405?
5, 17, 661993
List the prime factors of 753014022.
2, 3, 43, 167, 17477
What are the prime factors of 50127514?
2, 1049, 23893
List the prime factors of 1414179926.
2, 5231, 135173
List the prime factors of 1007604624.
2, 3, 13, 53, 30467
What are the prime factors of 155558797?
41, 3794117
List the prime factors of 4400845986.
2, 3, 733474331
What are the prime factors of 130250397?
3, 29, 37, 43, 941
What are the prime factors of 1396798253?
29, 4447, 10831
List the prime factors of 235153650.
2, 3, 5, 137, 11443
List the prime factors of 19084368.
2, 3, 397591
What are the prime factors of 273967402?
2, 136983701
List the prime factors of 331725264.
2, 3, 13, 531611
List the prime factors of 354200733.
3, 907, 43391
List the prime factors of 32066484.
2, 3, 53, 127, 397
List the prime factors of 882146577.
3, 13, 23, 983441
List the prime factors of 7983134.
2, 73, 54679
List the prime factors of 36782065.
5, 113, 65101
List the prime factors of 94796867.
11, 61, 141277
What are the prime factors of 76112695?
5, 15222539
List the prime factors of 110625653.
23, 4809811
List the prime factors of 77636055.
3, 5, 7, 739391
What are the prime factors of 170555154?
2, 3, 7, 11, 79, 4673
What are the prime factors of 5037168?
2, 3, 17, 6173
What are the prime factors of 148204811?
113, 1311547
List the prime factors of 32072952.
2, 3, 293, 4561
List the prime factors of 768386287.
768386287
What are the prime factors of 759867583?
23, 79, 418199
List the prime factors of 1550069625.
3, 5, 13, 317963
List the prime factors of 70998751.
70998751
What are the prime factors of 422136428?
2, 7, 15076301
List the prime factors of 218274583.
218274583
What are the prime factors of 2837631200?
2, 5, 3547039
What are the prime factors of 692946794?
2, 71, 167, 29221
List the prime factors of 103260501.
3, 23, 43, 1289
List the prime factors of 296294543.
3557, 83299
List the prime factors of 2393718259.
2393718259
List the prime factors of 525671567.
1229, 427723
What are the prime factors of 40159818?
2, 3, 31, 71971
List the prime factors of 531029838.
2, 3, 88504973
List the prime factors of 244551392.
2, 17, 449543
List the prime factors of 490462704.
2, 3, 149, 22859
What are the prime factors of 361551362?
2, 180775681
What are the prime factors of 13150163?
13, 17, 157, 379
What are the prime factors of 43444970?
2, 5, 263, 16519
List the prime factors of 88851969.
3, 29, 340429
What are the prime factors of 1722434295?
3, 5, 114828953
What are the prime factors of 54956436?
2, 3, 19, 241037
What are the prime factors of 352874067?
3, 7, 13, 1292579
List the prime factors of 62207638.
2, 31, 1003349
What are the prime factors of 1391969328?
2, 3, 28999361
List the prime factors of 40777987.
40777987
What are the prime factors of 2216384417?
13, 1361, 125269
List the prime factors of 165787268.
2, 41446817
What are the prime factors of 727610449?
1117, 651397
List the prime factors of 7215294020.
2, 5, 11, 17, 31, 62233
What are the prime factors of 3294734698?
2, 1647367349
What are the prime factors of 528429906?
2, 3, 31, 139, 757
List the prime factors of 240275999.
71, 127, 26647
List the prime factors of 114827999.
11, 13, 31, 25903
List the prime factors of 324425730.
2, 3, 5, 2141, 5051
List the prime factors of 2565293901.
3, 137, 211, 29581
What are the prime factors of 82147283?
23, 127, 28123
What are the prime factors of 16179177?
3, 7, 770437
What are the prime factors of 67726300?
2, 5, 17, 39839
What are the prime factors of 52238077?
29, 43, 163, 257
What are the prime factors of 6238713210?
2, 3, 5, 17, 53, 230807
List the prime factors of 18357980.
2, 5, 113, 8123
What are the prime factors of 87632153?
7, 12518879
What are the prime factors of 3490938356?
2, 1721, 507109
List the prime factors of 57975415.
5, 179, 211, 307
List the prime factors of 7300961.
617, 11833
What are the prime factors of 1335124001?
1335124001
What are the prime factors of 244438206?
2, 3, 17, 37, 239, 271
List the prime factors of 96780614.
2, 7, 47, 147083
What are the prime factors of 512848062?
2, 3, 1051, 27109
List the prime factors of 11822710.
2, 5, 53, 22307
List the prime factors of 71114287.
53, 1341779
What are the prime factors of 62383357?
101, 617657
List the prime factors of 14895927.
3, 17, 23, 83
What are the prime factors of 379612763?
31, 12245573
List the prime factors of 890872022.
2, 43, 89, 239, 487
List the prime factors of 4058331.
3, 1352777
What are the prime factors of 25389493?
23, 409, 2699
What are the prime factors of 1924824994?
2, 962412497
What are the prime factors of 29087057?
61, 7817
What are the prime factors of 52796032?
2, 59, 6991
What are the prime factors of 187012472?
2, 23376559
What are the prime factors of 9478969?
29, 311, 1051
List the prime factors of 1806329385.
3, 5, 7, 461, 1777
List the prime factors of 452663663.
452663663
List the prime factors of 32163115.
5, 6432623
What are the prime factors of 330366831?
3, 17, 6477781
List the prime factors of 62977770.
2, 3, 5, 233251
List the prime factors of 582786278.
2, 19, 1163, 13187
What are the prime factors of 35204189?
31, 1135619
List the prime factors of 4413773137.
67, 2819, 23369
List the prime factors of 72207946.
2, 199, 419, 433
What are the prime factors of 684271664?
2, 42766979
List the prime factors of 502515923.
7, 13, 8669
What are the prime factors of 1649604654?
2, 3, 91644703
What are the prime factors of 410802719?
29, 1889, 7499
What are the prime factors of 200168357?
1307, 153151
List the prime factors of 76217944.
2, 11, 97, 8929
What are the prime factors of 145873841?
145873841
What are the prime factors of 127083212?
2, 31770803
What are the prime factors of 2750703299?
2239, 1228541
What are the prime factors of 199486787?
577, 345731
List the prime factors of 8766480184.
2, 7, 11, 547, 26017
What are the prime factors of 668960852?
2, 7, 139, 171881
List the prime factors of 1031175266.
2, 11, 2969, 15787
What are the prime factors of 3120832?
2, 11, 13, 31
What are the prime factors of 124539600?
2, 3, 5, 67, 1549
List the prime factors of 4157652.
2, 3, 233, 1487
What are the prime factors of 67855295?
5, 1583, 8573
List the prime factors of 10294366.
2, 127, 40529
List the prime factors of 15531282.
2, 3, 13, 66373
List the prime factors of 13984560.
2, 3, 5, 19423
List the prime factors of 2